{"id":50,"date":"2020-03-24T15:54:33","date_gmt":"2020-03-24T15:54:33","guid":{"rendered":"https:\/\/mediateca.age-mgpoente.pt\/?page_id=50"},"modified":"2022-11-17T12:44:41","modified_gmt":"2022-11-17T11:44:41","slug":"equipa","status":"publish","type":"page","link":"https:\/\/mediateca.age-mgpoente.pt\/?page_id=50","title":{"rendered":"Equipa"},"content":{"rendered":"\n<p><strong>Professor Bibliotec\u00e1rio<\/strong>&nbsp;\u2013 Ant\u00f3nio Santos<\/p>\n\n\n\n<p><strong>Colaboradores<\/strong>:<\/p>\n\n\n\n<ul class=\"wp-block-list\"><li>F\u00e1tima Alendouro<\/li><li>Jorge Alves<\/li><li>Luc\u00edlia Cardoso<\/li><li>Paula Lemos<\/li><li>Sandra Veiga<\/li><li>Tony Silva<\/li><\/ul>\n\n\n\n<p><strong>Assistentes operacionais<\/strong>:<\/p>\n\n\n\n<ul class=\"wp-block-list\"><li>C\u00e9lia Estreito<\/li><li>Teresa Silva<\/li><\/ul>\n","protected":false},"excerpt":{"rendered":"<p>Professor Bibliotec\u00e1rio&nbsp;\u2013 Ant\u00f3nio Santos Colaboradores: F\u00e1tima Alendouro Jorge Alves Luc\u00edlia Cardoso Paula Lemos Sandra Veiga Tony Silva Assistentes operacionais: C\u00e9lia Estreito Teresa Silva<\/p>\n","protected":false},"author":2,"featured_media":0,"parent":0,"menu_order":0,"comment_status":"closed","ping_status":"closed","template":"","meta":{"footnotes":""},"class_list":["post-50","page","type-page","status-publish"],"_links":{"self":[{"href":"https:\/\/mediateca.age-mgpoente.pt\/index.php?rest_route=\/wp\/v2\/pages\/50","targetHints":{"allow":["GET"]}}],"collection":[{"href":"https:\/\/mediateca.age-mgpoente.pt\/index.php?rest_route=\/wp\/v2\/pages"}],"about":[{"href":"https:\/\/mediateca.age-mgpoente.pt\/index.php?rest_route=\/wp\/v2\/types\/page"}],"author":[{"embeddable":true,"href":"https:\/\/mediateca.age-mgpoente.pt\/index.php?rest_route=\/wp\/v2\/users\/2"}],"replies":[{"embeddable":true,"href":"https:\/\/mediateca.age-mgpoente.pt\/index.php?rest_route=%2Fwp%2Fv2%2Fcomments&post=50"}],"version-history":[{"count":3,"href":"https:\/\/mediateca.age-mgpoente.pt\/index.php?rest_route=\/wp\/v2\/pages\/50\/revisions"}],"predecessor-version":[{"id":1199,"href":"https:\/\/mediateca.age-mgpoente.pt\/index.php?rest_route=\/wp\/v2\/pages\/50\/revisions\/1199"}],"wp:attachment":[{"href":"https:\/\/mediateca.age-mgpoente.pt\/index.php?rest_route=%2Fwp%2Fv2%2Fmedia&parent=50"}],"curies":[{"name":"wp","href":"https:\/\/api.w.org\/{rel}","templated":true}]}}

<p><strong>Professor Bibliotecário</strong>&nbsp;– António Santos</p>



<p><strong>Colaboradores</strong>:</p>



<ul class="wp-block-list"><li>Fátima Alendouro</li><li>Jorge Alves</li><li>Lucília Cardoso</li><li>Paula Lemos</li><li>Sandra Veiga</li><li>Tony Silva</li></ul>



<p><strong>Assistentes operacionais</strong>:</p>



<ul class="wp-block-list"><li>Célia Estreito</li><li>Teresa Silva</li></ul>

<p>Professor Bibliotecário&nbsp;– António Santos Colaboradores: Fátima Alendouro Jorge Alves Lucília Cardoso Paula Lemos Sandra Veiga Tony Silva Assistentes operacionais: Célia Estreito Teresa Silva</p>
